u - 197. Is p(30) composite?
True
Suppose -121*h + 113*h + 60104 = 0. Is h prime?
False
Suppose -27*w = -24*w - 1041. Let g = w - -48. Is g a prime number?
False
Let m(l) = -l**2 - 9*l - 10. Let i be m(-6). Let g(b) = b**3 + 5*b**2 + 7. Let u be g(i). Is -3 + -4 + 3 + u prime?
False
Let f(g) = -g**3 - 2*g + 23. Let s be f(0). Suppose -2*d - 3*n - 21 = s, -n - 4 = 0. Is 177 - -1 - (d + 15) prime?
True
Let a = 303 + 11817. Let r = -7247 + a. Suppose -1210 - r = -7*t. Is t prime?
False
Suppose 0 = -6*p + 30, -4*c - 2*p = -1394221 - 107225. Is c prime?
True
Suppose 5*v - 19 = 6. Let c be 4*(-8270)/v*3/4. Is c/(-26) - (-6)/39 a composite number?
False
Suppose -44 = -5*b + 66. Suppose 3*p - b = -7. Suppose -m - 4*z + 515 = 0, -2*m - 1477 = -5*m + p*z. Is m a composite number?
False
Let u(j) = 29*j**3 + 126*j**2 - 1278*j - 39. Is u(10) a composite number?
True
Let y(o) = 364*o**2 + 14*o - 3. Let d be y(-7). Suppose -129073 = -24*u + d. Is u a composite number?
True
Suppose -23*y + 311788 - 84824 = 0. Suppose 3*q - y = -q. Is q prime?
True
Let c be (-6)/9 - 11374/(-6). Suppose 90*q - 85*q = c. Is q prime?
True
Let d = 9324 + -5324. Let v = -2235 + d. Let z = v + -1254. Is z composite?
True
Let h(c) = 2*c**3 - 3*c**2 + c + 1. Let k be h(1). Let g be -2 - (-207 - -2)*k/1. Let n = 128 + g. Is n a composite number?
False
Let s(i) = 31*i**2 + 158*i + 512. Is s(117) a composite number?
True
Let b(x) = -x**3 - 37*x**2 + 49*x + 96. Let p(c) = -5*c + 26. Let l be p(13). Is b(l) a composite number?
True
Suppose 0 = 4*p + 4*i - 184196, -p + 46049 = 83*i - 81*i. Is p prime?
True
Let a(g) = -g - 6. Let t be a(-8). Suppose -z - 35 = -t*z. Suppose 394 + z = 3*d. Is d prime?
False
Let z(x) = 64*x**3 - 8*x**2 + 3*x + 17. Let o be z(5). Suppose -7830 = -3*b + 3*m, -6*b - o = -9*b + 5*m. Is b composite?
False
Let n be (94/6 - -1)/((-8)/(-12)). Let d = -20 + n. Suppose -d*a + 2685 = -0*a. Is a a composite number?
True
Is ((23222/4)/17)/((-1)/(-214)) a prime number?
False
Suppose -122*b - 222*b + 6780988 = -108*b. Is b composite?
True
Let y(d) = -d + 2. Let l be y(0). Let s(a) = 1840 + 1840 + 1839 - 5514 + 186*a. Is s(l) composite?
True
Let z(f) = -7*f**2 - 13*f + 14. Let h(u) = -13*u**2 - 26*u + 29. Let d(m) = -6*h(m) + 11*z(m). Let n be d(-13). Let i = n + 57. Is i prime?
True
Let k = 8 + -38. Let x(j) = 52 - 5*j + 10*j - 50*j. Is x(k) a prime number?
False
Suppose -2*f + 295 = -3*i, -2*f + f - 199 = 2*i. Is (-54)/i - (4 - (-136339)/(-11)) a prime number?
True
Let j(i) be the first derivative of -2*i**4 - i**3/3 + 11*i**2/2 + 50*i + 110. Is j(-4) prime?
False
Let o(d) = 3*d**2 + 28*d + 24. Let t be o(-6). Is (-5)/30 - 205674/t a prime number?
False
Suppose 22 = -y + 41. Let p(s) = s**3 - 18*s**2 + 43*s + 9. Is p(y) a prime number?
True
Let k be (154/(-21) - -4)*(-18)/10. Suppose 2*n = -4*t + k, -6*t + 7 = -4*t - 3*n. Suppose -t*f - 2284 = -5*f - i, 5*f - 3806 = -i. Is f prime?
True
Let r = -204 - -208. Suppose j - 5439 = -r*y, -6*y - 5*j = -2*y - 5419. Is y prime?
True
Suppose 3*v + 5*l + 246 = -1546, 2*l = 5*v + 2997. Suppose -3*g - 4002 = 3642. Let w = v - g. Is w composite?
False
Suppose 4*l + 4*q - 16945 - 172155 = 0, -l = -q - 47281. Suppose -10*a - 12*a = -l. Is a prime?
False
Let q(y) = -661*y**3 + 2*y**2 + y + 3. Let t(k) = -2*k + 42. Let b be t(22). Is q(b) composite?
False
Let r(z) = -z**3 + 8*z**2 - 17*z + 20. Let y be r(6). Let s(o) = 65*o**2 + 2*o + 5. Is s(y) a prime number?
False
Suppose -4*v - 73969 + 202733 = 0. Suppose -g - v = -3*p, 0 = 2*g + 6 + 2. Is p a composite number?
False
Let b = -227 - -229. Suppose b*p + 0*k = -2*k + 1428, 2*p = k + 1443. Is p a prime number?
True
Let z = 22065 - -49374. Is z a prime number?
False
Suppose -1672775 = -4*x - q, -5*x = 10*q - 11*q - 2090980. Is x a prime number?
False
Suppose 0 = 3*q - 3*x - 6, -q + 0 = 2*x + 10. Is -2141*q*(-18)/(-12) a prime number?
False
Let d(m) = m - 1 - 6 - 1. Let z be d(9). Is z - (-1 + -909 - -3 - 3) composite?
False
Let n = -287453 + 2557758. Is n composite?
True
Suppose 5*v + 19*h - 24*h - 4214630 = 0, -v = h - 842932. Is v prime?
False
Suppose -144*d = -129*d - 2418315. Is d prime?
True
Let q(h) = -30*h**3 + 42*h**2 + 314*h - 129. Is q(-10) prime?
True
Suppose 5*r - 2*x + 7*x - 25 = 0, -3*x = -3*r + 3. Suppose y + 0*y - 77087 = -4*i, -3*i = r*y - 57804. Is i prime?
True
Let m(j) = j**2 - 61*j + 60811. Is m(0) a prime number?
True
Let u(f) = 4043*f**2 + 30*f + 593. Is u(22) a composite number?
True
Let s(g) = -462*g - 2419. Is s(-31) a composite number?
False
Suppose -5*f = -2*o - 40 - 187, -5*o = -4*f + 185. Let q be 54/f*55/2. Suppose 0 = 27*n - q*n + 4710. Is n prime?
False
Let f(q) = 456093*q + 31. Is f(2) a prime number?
True
Let j(n) be the second derivative of -n**4/12 - n**3/6 + 21*n**2 - 29*n. Let c be j(6). Suppose -6*s + 6235 - 2479 = c. Is s a composite number?
True
Let a be (-6 + (-8)/(-1))/((-2)/164). Let m(i) = -3*i**3 - 7*i**2 + 4*i + 3. Let j be m(4). Let y = a - j. Is y composite?
True
Let j(c) = 245*c + 78. Let v be j(14). Let s = -719 + v. Is s a composite number?
False
Let v be (-4)/(1 + 3) + 563. Suppose 4*q = -4*b + 5*b - v, -2237 = -4*b + 5*q. Let l = b - 307. Is l a composite number?
False
Is 838*(2/4)/((-440)/(-146) + -3) a composite number?
True
Is (-20 - -13) + 98698 + 8 a composite number?
True
Let b(g) = -27884*g - 7711. Is b(-42) a prime number?
True
Let g(v) = 1325*v**3 + 88*v - 424. Is g(5) a composite number?
True
Let g(n) = 7546*n**3 + 24*n**2 - 139*n + 217. Is g(6) a prime number?
False
Suppose -88*g + 1495375 = 71*g - 7747136. Is g composite?
False
Suppose 21*g - 33309 = 18*g + 3*l, -2*g + 22198 = -4*l. Suppose -f + 3678 = -3*j + g, -j + 3*f + 2471 = 0. Is j prime?
True
Let h = 190 + -169. Suppose -h*k + 4*k = -24106. Is k a prime number?
False
Suppose 18*v - 4320 - 630 = 0. Suppose 2*d = 7*d - v. Is d a composite number?
True
Let z be (12/(-8))/(3/12 - 1). Suppose z*t = -4*t + 30. Suppose -472 + 2249 = 3*q - 2*g, t*q + 3*g = 2949. Is q prime?
False
Let g be 6/15*(-26 - -1). Let n be ((-6)/9)/(g/105). Suppose n*m - 11*m = -524. Is m a prime number?
True
Suppose 2*m - 324600 = 5*u, -16*u + m = -18*u - 129849. Let g = -41075 - u. Is g composite?
True
Let o be 0/(3/(6/4)). Suppose o = -39*h + 37*h + 20. Suppose 0 = -4*r - h*r + 4102. Is r composite?
False
Suppose -4*l = 2*q - 174652, 58841 = 3*l - 3*q - 72148. Is l composite?
True
Suppose x - 43722 - 10892 = -a, 5*x = 4*a + 273097. Is x a composite number?
False
Let k be 1 - (-12)/(-9) - 95535/(-27). Suppose -23475 - k = -17*s. Is s a composite number?
True
Let i = 7356 + -18542. Let k = i + 22147. Is k a composite number?
True
Let u = 91234 - 47411. Is u a prime number?
False
Let w be 107360/187 + (-2)/17. Let x = 4614 + -2721. Let s = x - w. Is s prime?
True
Let t(d) = -832*d + 245. Suppose 0 = 85*u - 93*u - 64. Is t(u) a composite number?
True
Let a be 3*7090/(-60)*-2. Let r be (0 - -1)*2 - -1947. Suppose -r = -c + 2*k, -5*k - a = -c + 1240. Is c prime?
True
Suppose 107 = 3*o - 37. Let w = -42 + o. Is (-641)/(-3)*(9 - w) prime?
True
Let w = -341236 + 577377. Is w a prime number?
False
Let c(o) = -11026*o - 1487. Is c(-6) composite?
True
Let g(f) = -f**3 - 28*f**2 - 7*f - 111. Let q be g(-29). Suppose 4*x - 1431 = q. Is x a prime number?
False
Let b(h) = h + 2. Let n be b(-1). Let i be 13522/(-1)*(n + -2). Is 4/(-18) - i/(-18) a composite number?
False
Let b be (6 - 5 - 7)/(-2 + 1). Suppose -b*g - 3*g = -18477. Is g prime?
True
Suppose 29572 = 413*x - 411*x. Is x*(-2 + 5/(-5))/(-6) a prime number?
True
Let l(o) = 527*o**3 - 15*o**2 + 49*o + 8. Is l(9) a prime number?
True
Suppose 630149 = -5*w - 50*t + 51*t, w + 2*t + 126032 = 0. Is w/(-4) - (-196)/56 a composite number?
False
Let h(v) = 5486*v - 2365. Is h(21) prime?
False
Let q(a) = 1263803*a**3 - a**2 + 51*a - 50. Is q(1) prime?
True
Is ((-16)/264*11)/((-2)/3861291) prime?
False
Let s = 6875 - 3282. Is s composite?
False
Let t be (-13)/7 - 11/77. Is 4/t*(-43471)/58 prime?
True
Suppose 71*d - 70*d = 876. Suppose -3*h - 3*f = -486, -4*h + 4*f + d - 252 = 0. Is h composite?
True
Suppose -25*j + 2135817 + 838358 = 0. Is j a composite number?
False
Is 959240 + 91 - 2*5 composite?
True
Suppose 0 = -3*g - 3, 8*z = 3*z - 4*g + 6. Is (4713 + z)/5*(0 